te the greatest common divisor of 167232 and 45760.
832
What is the greatest common factor of 1432 and 339921?
179
What is the highest common factor of 44640 and 162?
18
Calculate the highest common divisor of 36 and 1430442.
18
Calculate the greatest common divisor of 69 and 431503.
23
Calculate the greatest common factor of 15228 and 470.
94
Calculate the highest common factor of 70 and 90377.
7
Calculate the highest common divisor of 2741063 and 4082.
2041
What is the greatest common factor of 77 and 693?
77
What is the highest common divisor of 1578 and 29?
1
Calculate the highest common divisor of 3816752 and 64.
16
Calculate the greatest common factor of 108494 and 34.
34
What is the greatest common factor of 41685 and 39165?
105
What is the greatest common factor of 327384 and 2016?
72
What is the highest common factor of 384 and 154356?
12
What is the greatest common factor of 32619 and 1743?
249
What is the greatest common factor of 8288 and 10784?
32
Calculate the highest common divisor of 70 and 13.
1
Calculate the highest common divisor of 18276 and 192.
12
What is the greatest common factor of 318343 and 69?
23
Calculate the highest common factor of 33 and 83208.
3
What is the greatest common divisor of 826386 and 6270?
1254
Calculate the greatest common factor of 37768 and 768.
8
What is the highest common divisor of 114 and 70946?
38
Calculate the greatest common factor of 940964 and 4.
4
What is the highest common factor of 75 and 312875?
25
Calculate the greatest common factor of 116165 and 175.
35
Calculate the greatest common factor of 970 and 375.
5
What is the greatest common factor of 1715381 and 922?
461
What is the greatest common factor of 11842 and 2292?
382
Calculate the highest common factor of 26 and 766298.
26
Calculate the highest common factor of 619 and 36521.
619
What is the greatest common factor of 335512 and 136?
136
What is the greatest common divisor of 584 and 14?
2
Calculate the highest common divisor of 1329757 and 374.
187
What is the greatest common divisor of 1096537 and 39?
13
Calculate the highest common divisor of 483 and 1174173.
483
Calculate the greatest common factor of 797107 and 95.
19
What is the highest common factor of 180 and 508?
4
What is the greatest common divisor of 1745 and 39088?
349
What is the greatest common divisor of 327 and 537?
3
What is the greatest common divisor of 32074 and 476?
14
What is the highest common factor of 55 and 396506?
11
Calculate the highest common factor of 679 and 1675772.
679
Calculate the greatest common factor of 108254 and 226.
226
Calculate the highest common factor of 37500 and 444.
12
What is the highest common factor of 3 and 20337?
3
What is the greatest common factor of 38 and 53770?
38
Calculate the greatest common divisor of 4544 and 2560.
64
What is the greatest common divisor of 126632 and 64?
8
Calculate the greatest common factor of 420 and 11130.
210
Calculate the greatest common factor of 738 and 1351278.
738
Calculate the highest common factor of 366 and 258.
6
Calculate the greatest common factor of 81264 and 48.
48
What is the highest common factor of 1044525 and 24225?
1425
Calculate the highest common divisor of 152 and 311296.
152
Calculate the highest common factor of 28 and 306502.
14
What is the highest common factor of 3933 and 184?
23
What is the highest common divisor of 12717 and 405?
81
What is the greatest common factor of 13454 and 128681?
217
Calculate the greatest common divisor of 42342 and 6.
6
Calculate the highest common factor of 350 and 3612.
14
Calculate the greatest common divisor of 9674 and 42.
14
What is the greatest common factor of 79603 and 4968?
23
Calculate the highest common divisor of 47 and 96350.
47
Calculate the greatest common divisor of 32 and 27416.
8
What is the highest common factor of 69 and 2049?
3
Calculate the greatest common factor of 64857 and 273.
39
What is the highest common factor of 3809 and 179609?
293
Calculate the greatest common divisor of 479444 and 224.
28
Calculate the greatest common factor of 35 and 37310.
35
What is the highest common divisor of 177441 and 3135?
627
Calculate the greatest common divisor of 2005696 and 66.
22
Calculate the greatest common factor of 280128 and 12.
12
Calculate the greatest common factor of 282 and 1217112.
282
What is the greatest common divisor of 253616 and 112?
16
What is the greatest common divisor of 140 and 48870?
10
What is the greatest common factor of 1104 and 5892?
12
What is the greatest common divisor of 126 and 17073?
63
What is the highest common factor of 50304 and 655?
131
Calculate the highest common factor of 7 and 2668855.
7
Calculate the highest common factor of 3 and 131797.
1
Calculate the greatest common factor of 2996 and 15622.
214
What is the highest common divisor of 4333 and 209841?
619
What is the highest common factor of 4484 and 12036?
236
What is the highest common divisor of 11088 and 309?
3
What is the highest common factor of 2681568 and 288?
288
What is the highest common divisor of 534 and 226861?
89
Calculate the highest common factor of 980 and 1915620.
140
What is the greatest common divisor of 126144 and 5568?
192
Calculate the greatest common divisor of 4920 and 7185.
15
What is the highest common factor of 4316 and 4980?
332
Calculate the highest common factor of 155457 and 552.
69
What is the greatest common divisor of 1870 and 112795?
85
What is the greatest common divisor of 4100 and 103850?
50
Calculate the greatest common factor of 1302 and 85188.
186
Calculate the highest common divisor of 262290 and 105.
105
What is the highest common factor of 6119865 and 41?
41
Calculate the highest common factor of 1040 and 433030.
130
Calculate the highest common factor of 38 and 13911686.
38
Calculate the greatest common divisor of 3553 and 7667.
187
Calculate the greatest common divisor of 64 and 971200.
64
Calculate the greatest common divisor of 131 and 204360.
131
What is the greatest common divisor of 1320 and 115896?
264
Calculate the highest common divisor of 14880 and 8595.
15
Calculate the greatest common factor of 1826 and 4708.
22
Calculate the greatest common divisor of 110 and 368115.
55
What is the greatest common divisor of 156357 and 27?
27
Calculate the highest common factor of 264 and 250899.
33
What is the greatest common divisor of 22570 and 40?
10
What is the greatest common factor of 6216 and 101976?
168
What is the highest common divisor of 237699 and 5733?
441
Calculate the greatest common divisor of 220028 and 6432.
268
Calculate the highest common factor of 558 and 248.
62
What is the greatest common divisor of 675 and 31320?
135
What is the greatest common divisor of 1081405 and 127?
127
What is the highest common divisor of 187 and 425?
17
What is the highest common factor of 603 and 3283?
67
What is the greatest common divisor of 76 and 2737672?
76
Calculate the highest common divisor of 15386 and 1413.
157
What is the greatest common factor of 912 and 52032?
48
Calculate the greatest common factor of 3782 and 1705.
31
What is the greatest common divisor of 169923 and 663?
39
Calculate the highest common factor of 105 and 1399785.
15
What is the greatest common divisor of 1376325 and 1800?
225
Calculate the greatest common divisor of 2460 and 68700.
60
What is the greatest common divisor of 1651356 and 72?
36
What is the greatest common divisor of 13900 and 10981?
139
Calculate the greatest common factor of 666881 and 57.
19
What is the greatest common factor of 384 and 19572?
12
Calculate the highest common divisor of 802 and 631174.
802
Calculate the highest common factor of 100 and 1682825.
25
Calculate the greatest common factor of 68868 and 72.
36
Calculate the highest common divisor of 36 and 1193796.
36
What is the greatest common factor of 51041 and 72407?
1187
What is the greatest common factor of 4512 and 116?
4
What is the highest common divisor of 31 and 41236?
1
Calculate the greatest common divisor of 6460 and 920.
20
Calculate the highest common divisor of 31467 and 24123.
51
What is the greatest common divisor of 1926 and 1250937?
963
What is the highest common factor of 8240 and 1240?
40
What is the greatest common factor of 172 and 702362?
86
What is